5*t + 3*s = 287, s - 5*s = t + 62. Let o = t - -53. Let m be 0 + (-97)/o - 10/25. Calculate the highest common factor of 76 and m.
19
Let c(b) = -2*b - 29. Let z be c(0). Let o be z + 32 - 1*3. Suppose o = -2*d + 101 + 53. What is the greatest common divisor of d and 11?
11
Let g = 5 - 2. Suppose 0 = 2*b + g*b + 10, -c - 5*b + 160 = 0. Calculate the highest common divisor of c and 34.
34
Suppose 36*c = -11*c + 10*c + 123617. Calculate the highest common divisor of c and 13.
13
Let z(f) = f**3 - 10*f**2 - 13*f + 22. Let y be z(12). Let d be y - -3*(-4)/(-12). Suppose -6*w = d - 635. What is the greatest common divisor of 16 and w?
16
Let j be (-52)/(-13) + 5 + 10. Suppose -23*r + j*r = -72. What is the highest common divisor of r and 450?
18
Let v(m) = -m**2 - 71*m - 743. Let o be v(-53). What is the highest common divisor of 2 and o?
1
Let u(r) = -3*r**3 + 1213*r**2 + 2*r**3 - 13 + 16*r - 1208*r**2. Let c be u(7). Let d be 4/(-10) + (7/5)/c. What is the highest common factor of 1 and d?
1
Suppose 33*u - 38663 = 29449. What is the greatest common factor of 48 and u?
48
Let p = 3307 + -3301. What is the greatest common factor of p and 1038?
6
Let x be (-1 - 1/(2/(-8)*1))*51. Calculate the highest common factor of x and 544.
17
Let o = 2924 - 2640. Calculate the highest common divisor of 1846 and o.
142
Let y be ((-30)/(-35))/(2/112). Suppose 0 = 2*r + 5*g + 10, g = 4*r + 2*g - 16. Suppose -267 = -r*s + 93. Calculate the highest common divisor of y and s.
24
Let x = 11941 + -6870. Calculate the greatest common divisor of 22 and x.
11
Let f(m) = 68*m**2 + 29*m - 41. Let v be f(-4). What is the highest common factor of 7 and v?
7
Let z(n) = -n**3 + n**2 + 6. Let w be z(-3). Let m = -5 - 20. Let i = m + w. Calculate the highest common factor of i and 1.
1
Suppose 0 = -3*x + o + 669 + 462, 2*o - 1508 = -4*x. What is the highest common divisor of 87 and x?
29
Let h be 31 + (1/(-4))/(1/(-4)). Let z = h - 28. Suppose -9*p + z*p = -20. Calculate the greatest common factor of p and 36.
4
Let s = -185 - -185. Suppose 2*g - 361 = -i, 2*g + 2*i - 106 - 250 = s. What is the highest common factor of g and 122?
61
Let b be (147/(-105) - (-353)/20)*12. What is the highest common factor of 429 and b?
39
Let v = 14 - 28. Let p be 10/(-35) + (-592)/v. Let q = -5 - -110. Calculate the greatest common divisor of q and p.
21
Let z = -2 + 18. Let n be -2*((-2 - 2) + 1). Let d be 1 + 25/10*n. Calculate the greatest common divisor of d and z.
16
Suppose 4*k - 3*c = -12, 20 = -5*k + k + 5*c. Let d be (-4)/(-3 + k + 1). What is the highest common factor of d and 2?
2
Let y be (292/3)/((-172)/(-36) + -5). Let m = 443 + y. Calculate the highest common divisor of m and 265.
5
Let t be (2/(-3))/(55/33) - 1614/(-10). What is the highest common factor of t and 506?
23
Suppose -171 = 6*a - 28*a + 93. What is the highest common factor of a and 3732?
12
Suppose 0 = -67*a + 56*a + 374. Suppose 8 - a = -2*o. Calculate the greatest common divisor of o and 221.
13
Let o be 266 - (1 + 0 - (1 - -2)). Let v = 274 - o. Calculate the greatest common divisor of v and 114.
6
Let f = -1043 - -1059. Suppose -72 - 72 = -12*s. What is the greatest common divisor of s and f?
4
Let g(y) = -132*y + 421. Let s be g(3). What is the greatest common divisor of 5 and s?
5
Suppose -3*h = -0*h - 210. Suppose -5*t + 84 = -3*t. Calculate the greatest common factor of h and t.
14
Let s = 160 + -105. Suppose -9*a = 10 - s. Calculate the highest common factor of a and 15.
5
Suppose g = 10 - 1. Suppose -1 = 2*b + o - 2, 3*b + g = -5*o. Suppose -5*n + 3*q + 34 = 6*q, 0 = -n + q + b. What is the greatest common divisor of n and 2?
1
Suppose -6*o = -5*p - 25312, 0*o = 3*o - p - 12644. Calculate the greatest common divisor of 208 and o.
52
Let j(q) = q + 17. Let z be j(-6). Suppose z*o - 130 - 46 = 0. What is the greatest common factor of o and 12?
4
Let t be ((-288)/40)/(3/(-15)). Suppose -2*d = -5*j + 52, 3*d = 4*d - 4. Suppose j = 10*i - 9*i. What is the highest common factor of t and i?
12
Let b(i) = i**2 + 390*i - 1969. Let x be b(5). What is the highest common divisor of x and 4560?
6
Let z(a) = a**3 - 53*a**2 - 980*a - 35. Let q be z(-14). Calculate the greatest common factor of 35 and q.
7
Suppose -2*l + 8 = -3*g, 159*g = -3*l + 158*g + 34. Suppose -6*x + x - 30 = 0. Let a be (20/6)/(x/(-9)). What is the greatest common factor of a and l?
5
Let t(s) = 4*s**2 + 177*s - 17*s**3 + 176*s + 6 + 170*s - 516*s. Let w be t(-2). What is the highest common divisor of 45 and w?
9
Let r be 2/1 - (1 + -3). Let u(w) = -16*w + 204. Suppose 20*q - 36 = 17*q. Let a be u(q). What is the highest common divisor of r and a?
4
Suppose 79 = 2*b + 31. Suppose -7*p + p + b = 0. Calculate the highest common divisor of 16 and p.
4
Let i = 46 - 40. Let r(u) = 6*u**2 + 4*u**2 - 3*u**2 + 87*u - 82*u + 1. Let w be r(-1). What is the highest common divisor of i and w?
3
Let u be 63/(-9) + (2404/6)/((-26)/(-39)). Calculate the greatest common divisor of 572 and u.
22
Let k(u) = -13*u + 7. Let v be k(-1). Let q be (-8)/v - 5/(25/(-267)). Calculate the highest common factor of q and 424.
53
Suppose -39*t + 3*y = -34*t - 137, 5*y = 3*t - 95. Calculate the greatest common factor of t and 1.
1
Let h(c) be the first derivative of -3*c**2/2 + 105*c - 16. Let q be h(-25). What is the greatest common factor of q and 10?
10
Suppose -6*n = -99 - 63. Suppose 0 = b + 293 - 356. Calculate the highest common factor of n and b.
9
Let v be -56*(290/14 + -23). Calculate the highest common divisor of v and 11072.
64
Suppose -4*g - 6*r = -2*r - 668, -817 = -5*g + 4*r. Let p = -284 - -196. Let n be (-63)/14*p/6. What is the highest common factor of n and g?
33
Let w = 445 + 291. What is the highest common divisor of 161 and w?
23
Let i(n) = 6*n + 1 + 0 - 2*n. Let x be i(2). Suppose -5*r + 37 = l, -50*r + 9 = l - 49*r. What is the greatest common divisor of l and x?
1
Let z be ((-25)/10)/(1/2). Let u be ((150/9)/z)/(2/(-3)). Suppose x - 9 = -3*d + 3*x, 11 = 4*d - 3*x. What is the greatest common factor of d and u?
5
Let p = 90 + -84. Let r be 1648/14 - 2 - (-6)/21. Let i = r - 113. Calculate the highest common divisor of p and i.
3
Suppose -y - 30 = -2*n - 15, -5*n - 2*y = -15. Suppose n*f - 216 = -3*x, 0 = -22*f + 20*f - 5*x + 75. What is the greatest common factor of 315 and f?
45
Let l = 3807 + -3276. What is the greatest common divisor of l and 27?
9
Let k = 37951 - 37815. Calculate the greatest common divisor of k and 6953.
17
Let i(f) = -f**2 - 84*f + 1267. Let z be i(-96). Let m be (-1)/(0 + 1) + 70. Calculate the greatest common divisor of m and z.
23
Let p be 12/6 - (-127 + 1). Suppose 4*r = 3*r + p. Suppose 0 = 3*x - u - 47, 2*x = -6*u + 7*u + 31. What is the greatest common factor of x and r?
16
Let a be (-10 - 30/4)*48/(-15). What is the greatest common divisor of 1148 and a?
28
Suppose -4*j + 206 = 2*j - 196. Calculate the highest common factor of j and 4.
1
Suppose -a + 70 + 1 = 5*g, 4*g = -2*a + 100. Calculate the highest common divisor of a and 6516.
36
Let a be (300/(-24) - -14)/((-6)/(-2))*20. Calculate the highest common divisor of a and 3180.
10
Let u(m) = -1134*m - 1112. Let z be u(-1). Let q be 3/(-9) + 398/6. What is the greatest common factor of q and z?
22
Let q(w) = -w**3 + 153*w**2 + 157*w - 91. Let b be q(154). Calculate the greatest common divisor of 1378 and b.
53
Suppose 0 = -9*x + 84 + 177. Suppose 0 = x*j - 120 - 170. What is the greatest common factor of j and 85?
5
Let y(n) = 758*n + 3254. Let o be y(-4). Calculate the highest common factor of o and 2775.
111
Suppose 0 = 3*k + 5*d - 2*d - 3, -5*k + 21 = -3*d. Let v be 3*-1*(-1)/1*k. Let h be -1 - (-40 + -4 + -2). Calculate the highest common factor of v and h.
9
Let d(b) = -b**3 + 20*b**2 + 23*b - 511. Let u be d(18). Let i be (-29)/(-2)*(-1 - -3). Calculate the highest common factor of u and i.
29
Let d(i) = 6114*i - 40 - 6122*i + 8 + 29*i**2. Let x be d(-4). Calculate the highest common factor of x and 16.
16
Let v(t) = -t**2 + 50*t + 1057. Let b be v(65). Calculate the highest common divisor of b and 2009.
41
Suppose -12128 = -17*w - 12327 + 23846. Calculate the greatest common factor of 749 and w.
107
Let r(y) = -2*y**2 - 61*y + 121. Let o be r(-21). What is the greate